m + 4*d - 30 = f. What is the units digit of m?
2
Suppose -439 = -5*g - 114. What is the tens digit of g?
6
Let t = 4 + 10. What is the tens digit of t?
1
Let d be (-9)/(-6)*(3 - -1). Suppose -2*b + b - 2*x = d, 4*b = 3*x - 57. Let a(t) = -t**3 - 13*t**2 - 13*t - 9. What is the units digit of a(b)?
3
Let d(f) = 4*f - 1. Let l be d(1). Suppose -3*v = -0 - l. Let n(q) = 7*q**2. What is the units digit of n(v)?
7
Let h = -3 - -2. Let m be h/(-4) - (-14)/8. Suppose 2*j - 3*u = 8, -5*u - 6 = -m*j - 3*u. What is the units digit of j?
1
Let g(t) = t - 1. Let a be g(5). Suppose -k = 5*x + 1 + 10, -2*k + 3*x + 17 = 0. Suppose -2*d - k*v = 12, -a*d = d + 4*v. What is the units digit of d?
4
Suppose -4*h + 2*d = -64, 0 = 5*h - 0*h - d - 83. Let u = 8 + h. What is the tens digit of u?
2
Let x(t) = 2*t**2 + 2*t - 15. Let d(y) = -y**2 - y + 7. Let b(i) = 5*d(i) + 2*x(i). Let j be b(0). Suppose 3 = j*h - 2. What is the units digit of h?
1
Let c = 1 + 2. Suppose r - 6 = 2*s, c*s = 5*r + 8*s - 90. What is the tens digit of r?
1
Let k(t) = -t**2 - 3*t + 11. What is the units digit of k(-5)?
1
Let d(s) = 3 + 13*s - 2 - 7*s**2 - s**3 + 2. What is the tens digit of d(-9)?
4
Let v(s) = -5*s - 15. What is the tens digit of v(-11)?
4
Suppose -5*m - 2*l + 51 = -5*l, 5*m + 4*l - 37 = 0. Suppose -13 = -i + m. What is the units digit of i?
2
What is the units digit of ((-16)/3)/((-6)/27)?
4
Suppose -x = -5*x - 20. Suppose -u - 11 = -1. Let y = x - u. What is the units digit of y?
5
Suppose 3*g + g = 4*z - 84, -g + 25 = z. Let l = z - 16. What is the units digit of l?
7
Let s = -1 - -4. Let y = s + 1. Suppose 16 + 16 = y*l. What is the units digit of l?
8
Suppose 4*k = 3*a + 20, k - a = 2*a + 14. Suppose -4*y - 30 = -k*i, -11 - 13 = 3*y - 2*i. Let o(u) = -u**2 - 8*u - 3. What is the units digit of o(y)?
9
Let y = 183 - 91. What is the tens digit of y?
9
Suppose -4*r + 2*r = -4. Suppose 4*g + 3*a - 24 = -a, -g + a + r = 0. What is the units digit of g?
4
Suppose -1 = -5*u + 5*a - 11, 3*u - 4 = -2*a. Suppose 6 = 3*m - 3*r - 12, u = 3*m + 2*r - 3. Let k(y) = 3*y - 4. What is the units digit of k(m)?
5
Let u(q) = 16*q - 1. Let l(h) = -32*h + 2. Let x(a) = -2*l(a) - 5*u(a). Let o(j) = -65*j + 4. Let r(v) = 2*o(v) - 9*x(v). What is the tens digit of r(1)?
1
Suppose y - 23 = 3. What is the units digit of y?
6
Let a = 200 - 110. Suppose b + 2*b = a. What is the units digit of b?
0
Let g(d) = -5*d - 11. What is the units digit of g(-18)?
9
Let a be 2/6 + (-55)/(-33). What is the units digit of (0 - (a + -3)) + 0?
1
What is the units digit of 77 + (8/2 - 2)?
9
Let i be (0/2)/(3 - 2). Suppose -2*d + 4 = -i. Suppose 2 + 2 = d*z. What is the units digit of z?
2
Let w be (-24)/9*18/8. Let q be 60/9 - w/(-9). Let y(p) = -p**3 + 7*p**2 - 4*p - 3. What is the units digit of y(q)?
9
Suppose q + 83 = k - 0*q, -63 = -k - 4*q. What is the units digit of k?
9
Let o(y) = 2*y + 11 - y**2 + 2*y**2 - y. What is the tens digit of o(0)?
1
Suppose l - x - 60 = -4*l, -5*l - 2*x + 45 = 0. Suppose b - 5 = 1. Let s = l - b. What is the units digit of s?
5
Let k(u) = -4*u**2 + 3. Let m = -17 - -11. Let f(p) = p**2 - 1. Let c(q) = m*k(q) - 17*f(q). What is the units digit of c(-1)?
6
Suppose -368 = 5*z - 1378. What is the tens digit of z?
0
Suppose -3*p + z = -6, -3*p + 2*z + 1 + 2 = 0. Let h be p*4/(-6)*3. Let o(i) = -i - 4. What is the units digit of o(h)?
2
Let z = 5 - 3. Let b be 22/10 + z/(-10). What is the units digit of 6 + b + -2 + 1?
7
What is the units digit of (-10 + 0)*(1 + -4)?
0
Let w(u) = -3*u + 4. Let x(g) = 27*g**2 + g + 1. Let q be x(-1). Let o be ((-2)/6)/(3/q). What is the units digit of w(o)?
3
Let g(y) be the first derivative of -y**4/4 - 5*y**3/3 + 5*y**2/2 - 2*y + 4. What is the units digit of g(-6)?
4
Let d(n) = -7*n**3 - 4*n**2 + n + 2. What is the tens digit of d(-2)?
4
Let c(t) = -t**3 - 5*t**2 + 7*t - 3. Let y be c(-6). Let o(f) = f + 22. What is the units digit of o(y)?
3
Suppose -2*t - 6 = -22. Let o = 1 + 0. What is the units digit of ((-10)/t - o)*-4?
9
Suppose 80 = 2*s + 14. What is the units digit of s?
3
Suppose h - 3 = 5*q - 5, q + 3*h + 6 = 0. Let m be q*(15/6 + -3). What is the units digit of 9/(m + 3/2)?
6
Let x(l) = 7*l**3 + l**2 - l + 1. What is the units digit of x(1)?
8
Let h(g) = -g**3 + 4*g**2 + 7*g - 7. Let r be h(5). Suppose 4*p - 28 = -0*y - 4*y, 3*p - 3 = r*y. Suppose -28 = -0*z - p*z. What is the units digit of z?
7
Let y = 373 + -217. Suppose y = 6*g - 54. What is the units digit of g?
5
Let p = -117 + 67. Let n = 75 + p. Suppose -5*a = n, -o - a + 0*a = 0. What is the units digit of o?
5
Let n(r) = r**3 - 3*r**2 - 7*r + 6. Let a be n(4). Let o(m) = -m + 13. What is the units digit of o(a)?
9
Let g = -37 - -84. What is the tens digit of g?
4
Suppose 0 = -0*s + 3*s + j - 159, 0 = -4*s + j + 212. What is the tens digit of s?
5
Let n = -15 - -11. Let l = 18 + -7. Let j = l + n. What is the units digit of j?
7
Suppose -5*y + 38 = -52. Let t = y - 12. What is the units digit of t?
6
Let c = 29 + -8. What is the units digit of 147/(-14)*(-108)/c?
4
Let v = 5 - 5. Suppose v*y - 11 = -y. What is the units digit of y?
1
Suppose -5*b = -4*r - 123, -75 = -3*b - 0*r + 3*r. Suppose -2*j + b + 15 = 0. What is the units digit of j?
9
Suppose a = -1 + 13. What is the tens digit of a?
1
Let a = 30 - 10. Let k = a - 6. What is the tens digit of k?
1
What is the units digit of (184/16)/((-1)/(-2))?
3
Suppose 2*w + 5*u - 484 = 0, -2*w = 9*u - 5*u - 484. What is the tens digit of w?
4
Let x = 5 + 23. What is the tens digit of x?
2
Suppose -3*a + 4*r + 4 = 0, a = -3*a - 3*r - 3. Let l(s) = -s**2 + 14. What is the tens digit of l(a)?
1
Suppose -2*y = 8, 5*u + 2*y - 1 = 11. Suppose -u*h = 5*w - 32, -2*h + 5 + 1 = 5*w. What is the units digit of h?
3
Let j = 14 - -1. What is the tens digit of j?
1
Suppose -3*s = -309 + 24. What is the tens digit of s?
9
Let g = 129 - 7. What is the units digit of g?
2
Suppose -4*j = -15444 - 15756. What is the tens digit of (-2)/(-7) + j/140?
5
Let l(v) be the third derivative of v**5/60 - v**4/12 - v**3/3 + 3*v**2. Let w(s) be the first derivative of l(s). What is the units digit of w(3)?
4
Let b be (-2)/(-4)*(-2 + 4). Let r = -2 + b. Let c = 2 + r. What is the units digit of c?
1
Let u(l) = -16*l**3 + 2*l - 1. Let c be u(1). What is the units digit of 28/(-3)*c/10?
4
Let j be (2/(-3))/(1/3). Let c = 12 + -19. Let k = j - c. What is the units digit of k?
5
Let u = -14 + 27. What is the tens digit of u?
1
Let i = -8 + 9. Let f be i/(((-15)/(-9))/5). What is the units digit of 0 + (9 - f - -3)?
9
Suppose 3*w + 1 = 13. Let x be 3/9*3 + -1. Suppose 0 = -b - 5*u - 3 - w, -b + 5*u + 23 = x. What is the units digit of b?
8
Let j = 16 + -15. Suppose -5*v = -146 + j. What is the tens digit of v?
2
Let y(z) = 13*z. Let v(c) = -3*c + 8*c - 3*c + 4*c. Let k(n) = -9*v(n) + 4*y(n). What is the tens digit of k(-6)?
1
Let o(b) = -b**2 + 4*b + 11. Let k be (0 - 1/(-1)) + -7. Let m(r) = -2*r**2 + 8*r + 21. Let z(u) = k*m(u) + 11*o(u). What is the units digit of z(6)?
7
Suppose -2 = 3*p - 8. Let l = 37 + -38. Let y = p - l. What is the units digit of y?
3
Let w be 38 + -3 + 4 - 0. Let i = -21 + w. What is the units digit of i?
8
Suppose -3*s + 22 = -23. What is the tens digit of s?
1
Suppose 2*l = -3*z + 4, 2*l - 8 + 2 = -4*z. What is the units digit of z?
2
Let q be 8*(-2 - 15/(-12)). Let n(v) = v**2 + 6*v + 2. What is the units digit of n(q)?
2
Suppose 4*t = a - 44, -4*a = -a - t - 132. Suppose 4*l = -0*l - a. Let v = l + 19. What is the units digit of v?
8
Let y(j) be the third derivative of -j**5/60 - 3*j**4/8 - j**3 + 2*j**2. What is the units digit of y(-5)?
4
Let r(g) = -33*g - 1. What is the units digit of r(-1)?
2
Let t be 2/4 + (-4)/(-8). Suppose -5 = -4*o - t. What is the units digit of o?
1
Let z be (-117)/7 + 2/(-7). Let k be 518/(-18) - (-18)/(-81). Let f = z - k. What is the units digit of f?
2
Suppose 2*a = -3*a - 15, -2*o + 54 = -4*a. What is the tens digit of o?
2
Suppose -2*l + 0 = -6. Let g(b) = -b**2 - 8*b - 5. Let t be g(-6). Let x = l + t. What is the units digit of x?
0
Let d = 3 + -3. Suppose d = 3*l + 7 + 5, 0 = 5*z - l + 11. Let c = z - -4. What is the units digit of c?
1
Suppose -4*y + 9 = h, 3 = 4*y - y - 3*h. Suppose o = -q + y*q